*h**2 + 29*h + 30. Let m be s(-13). Let n = 11560 - m. Is n a prime number?
False
Suppose 0 = -3*q - 22 + 3082. Suppose -5*a = -4*w - 12848 + 5317, -5*w = 4*a - 6033. Let p = a - q. Is p prime?
True
Let m(h) be the first derivative of 54*h**2 + h + 9. Let l be m(3). Suppose -d - 1492 = -4*u, -2*u + l = d - 421. Is u composite?
False
Suppose -r - 6*u + 3*u = -8, 0 = r - u. Suppose r*f = -f - 3*b, -21 = -2*f + 5*b. Suppose 3*o + 0*o - f*k = 3213, -3*o + 3193 = 2*k. Is o prime?
False
Let k = 1272642 + 372403. Is k prime?
False
Suppose 29*q = 364 - 4279. Is (2/24 - q/324)*26086 composite?
False
Suppose -2*w - 3*n = -2*n - 2, 2*w + 5*n = 10. Suppose 4 = 3*g - 4*g, o + 2*g - 269 = w. Let c = -190 + o. Is c a prime number?
False
Is ((-30)/(-135)*-190131)/((-4)/6) prime?
True
Let f(r) = -r**2 - 9*r + 26. Let o be f(-11). Suppose 5*u = -2*s + 78, o*u + 2*s = 7*u - 34. Is u a composite number?
True
Let l = 63 + -54. Suppose 5*s - 56 = l. Suppose 0 = 5*v - 2 - s. Is v composite?
False
Suppose 0 = 72*z - 61*z + 18282. Let u = z + 2888. Is u a prime number?
False
Let i be (2 - (-6)/15) + (-6)/(-10). Suppose 3*o + 140 + 86158 = i*v, -4*v - 4*o = -115104. Is v a composite number?
False
Suppose 182139 = -59*v + 219842 + 315176. Is v a prime number?
True
Let p = -359 - -363. Suppose -5*t = 2*f - 3*f + 6013, -p*t = 12. Is f a composite number?
True
Let c be ((-24)/(-9))/((-1)/2328). Let p = c - -9567. Is p prime?
True
Is 2/3 - 9714078/(-54) prime?
False
Let g = 3549 - 916. Suppose -t + g = 2*t - 5*m, -1762 = -2*t + 5*m. Is t a prime number?
False
Suppose -4*w - 12*w = -80384. Is 81/135 + w/10 a composite number?
False
Let h(q) = -5*q**2 - 31*q - 3. Let s be h(-6). Suppose 5549 = v - p, 16960 = 5*v - s*p - 10785. Is v composite?
True
Is 4 + -6 + 14 - -5659 a composite number?
True
Is (23/(-3))/(412/(-6361692)) composite?
True
Suppose -j - 2*j - 40 = -4*r, -5*r + 28 = -j. Let w(t) = -9*t**2 - 25 + 34 - 19*t - 24 + 6*t - 3*t**3. Is w(j) a prime number?
True
Suppose -3*n = 10*f - 14*f - 1407, 1399 = -4*f - 5*n. Let y = f + 553. Is y a composite number?
True
Let g = 0 + 12. Let m(l) = l**2 + 15*l + 40. Let h be m(-5). Is (g/h)/(-3) + 2463/5 prime?
False
Let w be (0 + 0)*7/(-14). Suppose w = 6*c - 10*c + 4, 3*l + 4*c = 439. Is l a prime number?
False
Let y(o) = 220*o**3 + 30*o**2 - 19*o + 13. Let m(d) = 110*d**3 + 14*d**2 - 9*d + 6. Let a(b) = 9*m(b) - 4*y(b). Is a(3) prime?
True
Let s = -493 + 695. Let k(l) = -s*l - 10*l**3 + 3*l**2 + 207*l - 11*l**3. Is k(-3) a prime number?
False
Suppose -5*l - 50*l = -1774135. Is l a prime number?
True
Suppose -4*m + 127 = 27. Suppose 1 - m = -12*o. Is 1/1 + 158*o a prime number?
True
Suppose -4*w - 9095 - 22345 = 0. Let h = 16523 + w. Is h prime?
True
Let v(l) = 7918*l**2 - 51*l - 318. Is v(-5) a composite number?
False
Let b be (3234 - 0) + (16 - 15)/(-1). Suppose 0 = -4*u + 2139 + b. Is u a prime number?
False
Suppose t - 4*h = -2*h + 50793, 4*h + 8 = 0. Is t composite?
False
Suppose 3*r = 4*l + 39169, -14*r + 26146 = -12*r + 4*l. Is r composite?
False
Let o(z) = -z**2 + 14*z - 43. Let m be o(6). Suppose -5*a + 2212 = d, -m*d + 8*d - 6721 = 2*a. Is d composite?
False
Let a(d) = 95*d**2 - 2*d + 32. Let l be a(11). Let c = 19346 - l. Is c a prime number?
True
Suppose -5*k + 9 = -o - 16, -4*k - 4*o + 44 = 0. Is 6/4*11228/k a prime number?
False
Let s(g) = -11380*g + 122. Let n be s(8). Is 1/3*-1*n/6 composite?
False
Suppose -4*q = 5*u - 32, -6*u + 3*u = -4*q. Suppose -d + 3*s + 270 = 0, -q*d - s = d - 1067. Is d a composite number?
True
Let r(c) = 314*c**2 - c - 3. Let f(m) = -m**2 + m + 4. Let z be f(0). Is r(z) a prime number?
False
Suppose -4*r - m + 747 = 0, -2*m - 139 = -r + 41. Suppose 15*h + r = 13*h. Let q = h - -810. Is q composite?
True
Suppose -3*h = -2*o - 3*o - 177, 2*h - 4*o = 120. Let d = -109 + h. Is -1 + d/(-45) + 8607/27 prime?
False
Let n = 115 + -85. Let t be (3/n)/((-12)/(-90))*528. Is (293/2)/(2/t*9) a composite number?
True
Let l be 31008/18*54/(-12). Let c = l - -11006. Is c a composite number?
True
Suppose 4*n = -o - 3*o + 1583936, -4*o + 5*n = -1583963. Is o a prime number?
False
Let b(n) = -217*n**3 - 2*n**2 - 4*n. Let m be b(-2). Let q = 3493 - m. Is q prime?
False
Suppose 0 = -6*o + 10*o + 47404. Let y = 22410 + o. Is y a prime number?
True
Let k(r) = -80778*r**3 - 8*r**2 - 11*r - 4. Is k(-1) a composite number?
False
Suppose -227533 = -v - 2*k, -4*v = 13*k - 12*k - 910167. Is v a prime number?
False
Suppose 3*u - 1291689 = -4*a, 48*u + 5*a = 47*u + 430541. Is u prime?
True
Suppose -p = -2 - 14. Let o(a) = 63*a + 10 - 6 + p*a + 10. Is o(5) a composite number?
False
Let c(u) = -4*u + 13. Let k be c(5). Is k + 6 + -2 - -2396 composite?
False
Let m(n) be the second derivative of -n**5/20 + 3*n**4/4 + 25*n**3/6 + 13*n**2/2 - 124*n + 2. Is m(10) a composite number?
False
Suppose 0 = -22*q + 17*q - 20025. Let y be (-2)/4 + q/(-6). Is y/1 - (-14)/7 composite?
True
Suppose -49 + 215 = 2*r. Suppose 0 = 4*c - 0*p + 2*p - 332, -c - p = -r. Is -4*(-2 - c/4) a composite number?
True
Let f(x) be the third derivative of 19*x**7/36 + x**6/720 - 7*x**5/60 + 13*x**2. Let m(p) be the third derivative of f(p). Is m(1) a composite number?
True
Suppose -302*c = -41146254 - 24351808. Is c prime?
False
Let a be ((-2 - -8) + 2)/(14/4613). Suppose 2*p + 2*h - a = 4*h, 3*p + h = 3934. Is p composite?
True
Let h = 48 - 50. Is (-6)/2 + -3 + h + 5445 prime?
True
Let o(c) = -1546*c**2 + 22*c + 11. Let p be o(26). Let h be 8/10 + -1 - p/215. Let w = 8577 - h. Is w prime?
True
Let z be (2/(-3))/(10/(-150)). Suppose -5*h = -z - 10. Suppose h*n = 20, -3*n + 157 = -d + 623. Is d a prime number?
False
Let l = -181508 - -355205. Is l a prime number?
False
Let f be (-6)/12 - (-14)/4. Let h(a) = 4*a + 1 + 1909*a**3 - 3*a + 73*a**3 - f. Is h(1) prime?
False
Suppose -10*g - 2018265 = -5*u, -4*g - 1614592 = -17*u + 13*u. Is u composite?
True
Let n(j) = -67*j - 27. Let y(w) be the second derivative of -101*w**3/6 - 20*w**2 + 40*w. Let q(u) = 7*n(u) - 5*y(u). Is q(5) a prime number?
True
Suppose -2*q + 4606 = 810. Suppose 22*l + q = 21*l. Let j = l - -3591. Is j composite?
False
Is (4094/138)/((-2)/(-1338)) a composite number?
True
Suppose 3*j - 57 = -t + 52, -5*j - 4*t + 177 = 0. Suppose -j*m + 36*m + 154 = 0. Suppose -3*q + m = u, -4*u = -q + u + 46. Is q prime?
False
Let x = 27 + -1. Suppose -x = -3*k - 29. Is (-10419 + 1)*2*k/4 composite?
False
Suppose -59*i + 998642 = -144365. Is i a prime number?
True
Suppose 7*j - 1787967 = -12*j - 8*j. Is j prime?
True
Let i(r) = 2*r**2 - 1. Let p(c) = -5*c**2 - 48*c + 57. Let s(x) = 2*i(x) + p(x). Is s(-36) prime?
True
Let b(s) = 3*s**2 - 17*s - 2. Let y be b(6). Suppose 0*n = -y*n - 12. Is n/9 + (-4580)/(-15) a prime number?
False
Let n = 122 - 138. Let v(f) = 2*f**2 - 13*f - 17. Is v(n) prime?
False
Let h = 601 + -601. Let a(b) = 4*b + 299 - 5*b + 4*b. Is a(h) composite?
True
Let n = 22715 - -8008. Suppose 21098 = 11*l - n. Is l prime?
False
Let b = 6 - -9. Suppose 141407 = b*c - 180898. Is c a composite number?
False
Let r(n) = -20*n - 62. Let c be r(-3). Is c/(-14) + (-553300)/(-154) prime?
True
Suppose -4*f = 6*j - 3*j - 250, 4*f - j - 242 = 0. Let x = f - 59. Suppose p - 5 = -0, i + x*p - 344 = 0. Is i composite?
True
Let s(a) = -76032*a**3 + 9*a**2 + 20*a - 6. Is s(-3) composite?
True
Suppose 2*k = 6*n - 8*n + 923934, 923970 = 2*k - 4*n. Is k composite?
True
Let x(r) = -r**2 - 5*r + 7. Let k be x(2). Is 2*(k - 4545/(-10)) a composite number?
True
Let l be 12*(2 + (-7)/((-252)/(-45))). Let k(u) = -234*u + 21. Let i(c) = 1. Let j(z) = -4*i(z) - k(z). Is j(l) composite?
False
Let i(j) = 518*j**3 - 10*j**2 - 14*j - 59. Is i(9) a composite number?
False
Suppose -8*v - 22 + 62 = 0. Suppose 0 = -v*r - r + 1308. Suppose -r = -14*o + 12*o. Is o prime?
True
Let b = -4628 + 9775. Suppose -2*n = -n - b. Is n a prime number?
True
Suppose -5*k = -5, -4*s + 5806 = 2*k - 112232. Is s a prime number?
False
Suppose 745*o - 476308 = 366*o + 351*o. Is o prime?
True
Let m = -127 + 174. Suppose 0 = -3*l + 2*a + 41, -4*l = -0*l + 5*a - m. Suppose 9*g - l*g = -24268. Is g composite?
False
Let j(y) be the first derivative of 343*y**2 + 9*y - 138. Suppose 3 = -s + 5. Is j(s) composite?
False
Let u(k) be the second de